{"id":31,"date":"2017-01-20T23:10:20","date_gmt":"2017-01-20T22:10:20","guid":{"rendered":"http:\/\/www.ergosom.de\/volkmer\/?page_id=31"},"modified":"2017-01-21T03:24:49","modified_gmt":"2017-01-21T02:24:49","slug":"weide","status":"publish","type":"page","link":"https:\/\/www.ergosom.de\/volkmer\/praxen\/weide\/","title":{"rendered":"Weide"},"content":{"rendered":"<p><img decoding=\"async\" loading=\"lazy\" class=\"alignleft wp-image-159 size-full\" src=\"http:\/\/www.ergosom.de\/volkmer\/wp-content\/uploads\/sites\/2\/2017\/01\/ambra.jpg\" width=\"270\" height=\"202\" \/><\/p>\n<p><span style=\"color: #ffffff;\">W<\/span><\/p>\n<p>In Diemarden, direkt am Fl\u00fc\u00dfchen Garte, liegt unsere Pferdeweide.<\/p>\n<p><span style=\"color: #ffffff;\">W<\/span><\/p>\n<p><img decoding=\"async\" loading=\"lazy\" class=\"size-full wp-image-161 alignright\" src=\"http:\/\/www.ergosom.de\/volkmer\/wp-content\/uploads\/sites\/2\/2017\/01\/chaenne.jpg\" alt=\"\" width=\"270\" height=\"202\" \/><\/p>\n<p><span style=\"color: #ffffff;\">W<\/span><\/p>\n<p>Sie k\u00f6nnen Ergosoma-Behandlungen mit Hilfe meiner beiden Ponys Ambra und Chaenne erleben.<\/p>\n<p><span style=\"color: #ffffff;\">W<\/span><\/p>\n<p><img decoding=\"async\" loading=\"lazy\" class=\"size-full wp-image-162 alignleft\" src=\"http:\/\/www.ergosom.de\/volkmer\/wp-content\/uploads\/sites\/2\/2017\/01\/chaenne1.jpg\" alt=\"\" width=\"245\" height=\"202\" \/><\/p>\n<p><span style=\"color: #ffffff;\">W<\/span><\/p>\n<p>Im Kontakt mit Pferden k\u00f6nnen sich spontan Spannungen und \u00c4ngste l\u00f6sen.<\/p>\n","protected":false},"excerpt":{"rendered":"<p>W In Diemarden, direkt am Fl\u00fc\u00dfchen Garte, liegt unsere Pferdeweide. W W Sie k\u00f6nnen Ergosoma-Behandlungen mit Hilfe meiner beiden Ponys Ambra und Chaenne erleben. W W Im Kontakt mit Pferden k\u00f6nnen sich spontan Spannungen und \u00c4ngste l\u00f6sen.<\/p>\n","protected":false},"author":2,"featured_media":0,"parent":24,"menu_order":2,"comment_status":"closed","ping_status":"closed","template":"","meta":{"ngg_post_thumbnail":0},"yoast_head":"<!-- This site is optimized with the Yoast SEO plugin v20.6 - https:\/\/yoast.com\/wordpress\/plugins\/seo\/ -->\n<title>Weide - Ergosoma-Praxis Monika Volkmer<\/title>\n<meta name=\"robots\" content=\"index, follow, max-snippet:-1, max-image-preview:large, max-video-preview:-1\" \/>\n<link rel=\"canonical\" href=\"https:\/\/www.ergosom.de\/volkmer\/praxen\/weide\/\" \/>\n<meta property=\"og:locale\" content=\"de_DE\" \/>\n<meta property=\"og:type\" content=\"article\" \/>\n<meta property=\"og:title\" content=\"Weide - Ergosoma-Praxis Monika Volkmer\" \/>\n<meta property=\"og:description\" content=\"W In Diemarden, direkt am Fl\u00fc\u00dfchen Garte, liegt unsere Pferdeweide. W W Sie k\u00f6nnen Ergosoma-Behandlungen mit Hilfe meiner beiden Ponys Ambra und Chaenne erleben. W W Im Kontakt mit Pferden k\u00f6nnen sich spontan Spannungen und \u00c4ngste l\u00f6sen.\" \/>\n<meta property=\"og:url\" content=\"https:\/\/www.ergosom.de\/volkmer\/praxen\/weide\/\" \/>\n<meta property=\"og:site_name\" content=\"Ergosoma-Praxis Monika Volkmer\" \/>\n<meta property=\"article:modified_time\" content=\"2017-01-21T02:24:49+00:00\" \/>\n<meta property=\"og:image\" content=\"http:\/\/www.ergosom.de\/volkmer\/wp-content\/uploads\/sites\/2\/2017\/01\/ambra.jpg\" \/>\n<meta name=\"twitter:card\" content=\"summary_large_image\" \/>\n<script type=\"application\/ld+json\" class=\"yoast-schema-graph\">{\"@context\":\"https:\/\/schema.org\",\"@graph\":[{\"@type\":\"WebPage\",\"@id\":\"https:\/\/www.ergosom.de\/volkmer\/praxen\/weide\/\",\"url\":\"https:\/\/www.ergosom.de\/volkmer\/praxen\/weide\/\",\"name\":\"Weide - Ergosoma-Praxis Monika Volkmer\",\"isPartOf\":{\"@id\":\"https:\/\/www.ergosom.de\/volkmer\/#website\"},\"datePublished\":\"2017-01-20T22:10:20+00:00\",\"dateModified\":\"2017-01-21T02:24:49+00:00\",\"breadcrumb\":{\"@id\":\"https:\/\/www.ergosom.de\/volkmer\/praxen\/weide\/#breadcrumb\"},\"inLanguage\":\"de\",\"potentialAction\":[{\"@type\":\"ReadAction\",\"target\":[\"https:\/\/www.ergosom.de\/volkmer\/praxen\/weide\/\"]}]},{\"@type\":\"BreadcrumbList\",\"@id\":\"https:\/\/www.ergosom.de\/volkmer\/praxen\/weide\/#breadcrumb\",\"itemListElement\":[{\"@type\":\"ListItem\",\"position\":1,\"name\":\"Startseite\",\"item\":\"https:\/\/www.ergosom.de\/volkmer\/\"},{\"@type\":\"ListItem\",\"position\":2,\"name\":\"Praxis\",\"item\":\"https:\/\/www.ergosom.de\/volkmer\/praxen\/\"},{\"@type\":\"ListItem\",\"position\":3,\"name\":\"Weide\"}]},{\"@type\":\"WebSite\",\"@id\":\"https:\/\/www.ergosom.de\/volkmer\/#website\",\"url\":\"https:\/\/www.ergosom.de\/volkmer\/\",\"name\":\"Ergosoma-Praxis Monika Volkmer\",\"description\":\"GESUNDHEIT   HARMONIE   GL\u00dcCK\",\"publisher\":{\"@id\":\"https:\/\/www.ergosom.de\/volkmer\/#organization\"},\"potentialAction\":[{\"@type\":\"SearchAction\",\"target\":{\"@type\":\"EntryPoint\",\"urlTemplate\":\"https:\/\/www.ergosom.de\/volkmer\/?s={search_term_string}\"},\"query-input\":\"required name=search_term_string\"}],\"inLanguage\":\"de\"},{\"@type\":\"Organization\",\"@id\":\"https:\/\/www.ergosom.de\/volkmer\/#organization\",\"name\":\"Ergosoma-Praxis Monika Volkmer\",\"url\":\"https:\/\/www.ergosom.de\/volkmer\/\",\"logo\":{\"@type\":\"ImageObject\",\"inLanguage\":\"de\",\"@id\":\"https:\/\/www.ergosom.de\/volkmer\/#\/schema\/logo\/image\/\",\"url\":\"https:\/\/www.ergosom.de\/volkmer\/wp-content\/uploads\/sites\/2\/2017\/01\/logo-ergosoma.jpg\",\"contentUrl\":\"https:\/\/www.ergosom.de\/volkmer\/wp-content\/uploads\/sites\/2\/2017\/01\/logo-ergosoma.jpg\",\"width\":270,\"height\":170,\"caption\":\"Ergosoma-Praxis Monika Volkmer\"},\"image\":{\"@id\":\"https:\/\/www.ergosom.de\/volkmer\/#\/schema\/logo\/image\/\"}}]}<\/script>\n<!-- \/ Yoast SEO plugin. -->","yoast_head_json":{"title":"Weide - Ergosoma-Praxis Monika Volkmer","robots":{"index":"index","follow":"follow","max-snippet":"max-snippet:-1","max-image-preview":"max-image-preview:large","max-video-preview":"max-video-preview:-1"},"canonical":"https:\/\/www.ergosom.de\/volkmer\/praxen\/weide\/","og_locale":"de_DE","og_type":"article","og_title":"Weide - Ergosoma-Praxis Monika Volkmer","og_description":"W In Diemarden, direkt am Fl\u00fc\u00dfchen Garte, liegt unsere Pferdeweide. W W Sie k\u00f6nnen Ergosoma-Behandlungen mit Hilfe meiner beiden Ponys Ambra und Chaenne erleben. W W Im Kontakt mit Pferden k\u00f6nnen sich spontan Spannungen und \u00c4ngste l\u00f6sen.","og_url":"https:\/\/www.ergosom.de\/volkmer\/praxen\/weide\/","og_site_name":"Ergosoma-Praxis Monika Volkmer","article_modified_time":"2017-01-21T02:24:49+00:00","og_image":[{"url":"http:\/\/www.ergosom.de\/volkmer\/wp-content\/uploads\/sites\/2\/2017\/01\/ambra.jpg"}],"twitter_card":"summary_large_image","schema":{"@context":"https:\/\/schema.org","@graph":[{"@type":"WebPage","@id":"https:\/\/www.ergosom.de\/volkmer\/praxen\/weide\/","url":"https:\/\/www.ergosom.de\/volkmer\/praxen\/weide\/","name":"Weide - Ergosoma-Praxis Monika Volkmer","isPartOf":{"@id":"https:\/\/www.ergosom.de\/volkmer\/#website"},"datePublished":"2017-01-20T22:10:20+00:00","dateModified":"2017-01-21T02:24:49+00:00","breadcrumb":{"@id":"https:\/\/www.ergosom.de\/volkmer\/praxen\/weide\/#breadcrumb"},"inLanguage":"de","potentialAction":[{"@type":"ReadAction","target":["https:\/\/www.ergosom.de\/volkmer\/praxen\/weide\/"]}]},{"@type":"BreadcrumbList","@id":"https:\/\/www.ergosom.de\/volkmer\/praxen\/weide\/#breadcrumb","itemListElement":[{"@type":"ListItem","position":1,"name":"Startseite","item":"https:\/\/www.ergosom.de\/volkmer\/"},{"@type":"ListItem","position":2,"name":"Praxis","item":"https:\/\/www.ergosom.de\/volkmer\/praxen\/"},{"@type":"ListItem","position":3,"name":"Weide"}]},{"@type":"WebSite","@id":"https:\/\/www.ergosom.de\/volkmer\/#website","url":"https:\/\/www.ergosom.de\/volkmer\/","name":"Ergosoma-Praxis Monika Volkmer","description":"GESUNDHEIT   HARMONIE   GL\u00dcCK","publisher":{"@id":"https:\/\/www.ergosom.de\/volkmer\/#organization"},"potentialAction":[{"@type":"SearchAction","target":{"@type":"EntryPoint","urlTemplate":"https:\/\/www.ergosom.de\/volkmer\/?s={search_term_string}"},"query-input":"required name=search_term_string"}],"inLanguage":"de"},{"@type":"Organization","@id":"https:\/\/www.ergosom.de\/volkmer\/#organization","name":"Ergosoma-Praxis Monika Volkmer","url":"https:\/\/www.ergosom.de\/volkmer\/","logo":{"@type":"ImageObject","inLanguage":"de","@id":"https:\/\/www.ergosom.de\/volkmer\/#\/schema\/logo\/image\/","url":"https:\/\/www.ergosom.de\/volkmer\/wp-content\/uploads\/sites\/2\/2017\/01\/logo-ergosoma.jpg","contentUrl":"https:\/\/www.ergosom.de\/volkmer\/wp-content\/uploads\/sites\/2\/2017\/01\/logo-ergosoma.jpg","width":270,"height":170,"caption":"Ergosoma-Praxis Monika Volkmer"},"image":{"@id":"https:\/\/www.ergosom.de\/volkmer\/#\/schema\/logo\/image\/"}}]}},"_links":{"self":[{"href":"https:\/\/www.ergosom.de\/volkmer\/wp-json\/wp\/v2\/pages\/31"}],"collection":[{"href":"https:\/\/www.ergosom.de\/volkmer\/wp-json\/wp\/v2\/pages"}],"about":[{"href":"https:\/\/www.ergosom.de\/volkmer\/wp-json\/wp\/v2\/types\/page"}],"author":[{"embeddable":true,"href":"https:\/\/www.ergosom.de\/volkmer\/wp-json\/wp\/v2\/users\/2"}],"replies":[{"embeddable":true,"href":"https:\/\/www.ergosom.de\/volkmer\/wp-json\/wp\/v2\/comments?post=31"}],"version-history":[{"count":9,"href":"https:\/\/www.ergosom.de\/volkmer\/wp-json\/wp\/v2\/pages\/31\/revisions"}],"predecessor-version":[{"id":169,"href":"https:\/\/www.ergosom.de\/volkmer\/wp-json\/wp\/v2\/pages\/31\/revisions\/169"}],"up":[{"embeddable":true,"href":"https:\/\/www.ergosom.de\/volkmer\/wp-json\/wp\/v2\/pages\/24"}],"wp:attachment":[{"href":"https:\/\/www.ergosom.de\/volkmer\/wp-json\/wp\/v2\/media?parent=31"}],"curies":[{"name":"wp","href":"https:\/\/api.w.org\/{rel}","templated":true}]}}